{"id":81,"date":"2024-02-11T17:30:12","date_gmt":"2024-02-11T16:30:12","guid":{"rendered":"https:\/\/lesmarmos.fr\/?page_id=81"},"modified":"2025-08-22T01:17:08","modified_gmt":"2025-08-21T23:17:08","slug":"inscriptions","status":"publish","type":"page","link":"https:\/\/lesmarmos.fr\/index.php\/inscriptions\/","title":{"rendered":"Inscriptions"},"content":{"rendered":"\n<p><strong>Inscriptions et portes-ouvertes le <u>Mardi 9 septembre 2025 de 20h \u00e0 21h30<\/u><\/strong>.<\/p>\n\n\n\n<p>Salle Jean Mac\u00e9, 5 Av. du Pr\u00e9sident Kennedy, 49300 Cholet,<\/p>\n\n\n\n<p class=\"has-text-align-center\">Toutes danses et tous niveaux<\/p>\n\n\n\n<p class=\"has-text-align-center has-vivid-red-color has-text-color has-link-color wp-elements-56c0bcf6c78bcbc7657be70aec406618\">(premier cours d&#8217;essai gratuit)<\/p>\n\n\n\n<p><a href=\"https:\/\/lesmarmos.fr\/wp-content\/uploads\/2025\/07\/Cours_Les_Marmos_saison_2025-2026.pdf\" target=\"_blank\" rel=\"noreferrer noopener\"><strong>Bulletin d&#8217;inscription 2025-2026<\/strong> <strong>t\u00e9l\u00e9chargeable ici<\/strong><\/a><\/p>\n\n\n\n<p>Les inscriptions seront possibles jusqu&#8217;\u00e0 mi OCTOBRE 2025<\/p>\n\n\n\n<p><strong><u>Tarif des cours<\/u>&nbsp;:<\/strong><\/p>\n\n\n\n<ul class=\"wp-block-list\">\n<li>92\u20ac le cours \/ pers pour une ann\u00e9e + 10\u20ac l\u2019adh\u00e9sion = <strong>102\u20ac<\/strong><\/li>\n\n\n\n<li>170\u20ac si cours de rock et cours de Line Dance (par pers) + 10\u20ac l\u2019adh\u00e9sion = <strong>180<\/strong><\/li>\n<\/ul>\n","protected":false},"excerpt":{"rendered":"<p>Inscriptions et portes-ouvertes le Mardi 9 septembre 2025 de 20h \u00e0 21h30. Salle Jean Mac\u00e9, 5 Av. du Pr\u00e9sident Kennedy, 49300 Cholet, Toutes danses et tous niveaux (premier cours d&#8217;essai gratuit) Bulletin d&#8217;inscription 2025-2026 t\u00e9l\u00e9chargeable ici Les inscriptions seront possibles<\/p>\n","protected":false},"author":1,"featured_media":0,"parent":0,"menu_order":0,"comment_status":"closed","ping_status":"closed","template":"","meta":{"footnotes":""},"class_list":["post-81","page","type-page","status-publish","hentry"],"yoast_head":"<!-- This site is optimized with the Yoast SEO plugin v27.5 - https:\/\/yoast.com\/product\/yoast-seo-wordpress\/ -->\n<title>Inscriptions - Les Marmo&#039;s<\/title>\n<meta name=\"robots\" content=\"index, follow, max-snippet:-1, max-image-preview:large, max-video-preview:-1\" \/>\n<link rel=\"canonical\" href=\"https:\/\/lesmarmos.fr\/index.php\/inscriptions\/\" \/>\n<meta property=\"og:locale\" content=\"en_US\" \/>\n<meta property=\"og:type\" content=\"article\" \/>\n<meta property=\"og:title\" content=\"Inscriptions - Les Marmo&#039;s\" \/>\n<meta property=\"og:description\" content=\"Inscriptions et portes-ouvertes le Mardi 9 septembre 2025 de 20h \u00e0 21h30. Salle Jean Mac\u00e9, 5 Av. du Pr\u00e9sident Kennedy, 49300 Cholet, Toutes danses et tous niveaux (premier cours d&#8217;essai gratuit) Bulletin d&#8217;inscription 2025-2026 t\u00e9l\u00e9chargeable ici Les inscriptions seront possibles\" \/>\n<meta property=\"og:url\" content=\"https:\/\/lesmarmos.fr\/index.php\/inscriptions\/\" \/>\n<meta property=\"og:site_name\" content=\"Les Marmo&#039;s\" \/>\n<meta property=\"article:modified_time\" content=\"2025-08-21T23:17:08+00:00\" \/>\n<meta name=\"twitter:card\" content=\"summary_large_image\" \/>\n<meta name=\"twitter:label1\" content=\"Est. reading time\" \/>\n\t<meta name=\"twitter:data1\" content=\"1 minute\" \/>\n<script type=\"application\/ld+json\" class=\"yoast-schema-graph\">{\"@context\":\"https:\\\/\\\/schema.org\",\"@graph\":[{\"@type\":\"WebPage\",\"@id\":\"https:\\\/\\\/lesmarmos.fr\\\/index.php\\\/inscriptions\\\/\",\"url\":\"https:\\\/\\\/lesmarmos.fr\\\/index.php\\\/inscriptions\\\/\",\"name\":\"Inscriptions - Les Marmo&#039;s\",\"isPartOf\":{\"@id\":\"https:\\\/\\\/lesmarmos.fr\\\/#website\"},\"datePublished\":\"2024-02-11T16:30:12+00:00\",\"dateModified\":\"2025-08-21T23:17:08+00:00\",\"breadcrumb\":{\"@id\":\"https:\\\/\\\/lesmarmos.fr\\\/index.php\\\/inscriptions\\\/#breadcrumb\"},\"inLanguage\":\"en-US\",\"potentialAction\":[{\"@type\":\"ReadAction\",\"target\":[\"https:\\\/\\\/lesmarmos.fr\\\/index.php\\\/inscriptions\\\/\"]}]},{\"@type\":\"BreadcrumbList\",\"@id\":\"https:\\\/\\\/lesmarmos.fr\\\/index.php\\\/inscriptions\\\/#breadcrumb\",\"itemListElement\":[{\"@type\":\"ListItem\",\"position\":1,\"name\":\"Accueil Les Marmo's\",\"item\":\"https:\\\/\\\/lesmarmos.fr\\\/\"},{\"@type\":\"ListItem\",\"position\":2,\"name\":\"Inscriptions\"}]},{\"@type\":\"WebSite\",\"@id\":\"https:\\\/\\\/lesmarmos.fr\\\/#website\",\"url\":\"https:\\\/\\\/lesmarmos.fr\\\/\",\"name\":\"Les Marmo's\",\"description\":\"Association de Rock&#039;n Roll et de Line Dance loisir\",\"publisher\":{\"@id\":\"https:\\\/\\\/lesmarmos.fr\\\/#organization\"},\"potentialAction\":[{\"@type\":\"SearchAction\",\"target\":{\"@type\":\"EntryPoint\",\"urlTemplate\":\"https:\\\/\\\/lesmarmos.fr\\\/?s={search_term_string}\"},\"query-input\":{\"@type\":\"PropertyValueSpecification\",\"valueRequired\":true,\"valueName\":\"search_term_string\"}}],\"inLanguage\":\"en-US\"},{\"@type\":\"Organization\",\"@id\":\"https:\\\/\\\/lesmarmos.fr\\\/#organization\",\"name\":\"Les Marmo's\",\"url\":\"https:\\\/\\\/lesmarmos.fr\\\/\",\"logo\":{\"@type\":\"ImageObject\",\"inLanguage\":\"en-US\",\"@id\":\"https:\\\/\\\/lesmarmos.fr\\\/#\\\/schema\\\/logo\\\/image\\\/\",\"url\":\"https:\\\/\\\/lesmarmos.fr\\\/wp-content\\\/uploads\\\/2024\\\/02\\\/Logo-N-24.png\",\"contentUrl\":\"https:\\\/\\\/lesmarmos.fr\\\/wp-content\\\/uploads\\\/2024\\\/02\\\/Logo-N-24.png\",\"width\":1139,\"height\":1194,\"caption\":\"Les Marmo's\"},\"image\":{\"@id\":\"https:\\\/\\\/lesmarmos.fr\\\/#\\\/schema\\\/logo\\\/image\\\/\"},\"sameAs\":[\"https:\\\/\\\/www.instagram.com\\\/lesmarmos\\\/\"]}]}<\/script>\n<!-- \/ Yoast SEO plugin. -->","yoast_head_json":{"title":"Inscriptions - Les Marmo&#039;s","robots":{"index":"index","follow":"follow","max-snippet":"max-snippet:-1","max-image-preview":"max-image-preview:large","max-video-preview":"max-video-preview:-1"},"canonical":"https:\/\/lesmarmos.fr\/index.php\/inscriptions\/","og_locale":"en_US","og_type":"article","og_title":"Inscriptions - Les Marmo&#039;s","og_description":"Inscriptions et portes-ouvertes le Mardi 9 septembre 2025 de 20h \u00e0 21h30. Salle Jean Mac\u00e9, 5 Av. du Pr\u00e9sident Kennedy, 49300 Cholet, Toutes danses et tous niveaux (premier cours d&#8217;essai gratuit) Bulletin d&#8217;inscription 2025-2026 t\u00e9l\u00e9chargeable ici Les inscriptions seront possibles","og_url":"https:\/\/lesmarmos.fr\/index.php\/inscriptions\/","og_site_name":"Les Marmo&#039;s","article_modified_time":"2025-08-21T23:17:08+00:00","twitter_card":"summary_large_image","twitter_misc":{"Est. reading time":"1 minute"},"schema":{"@context":"https:\/\/schema.org","@graph":[{"@type":"WebPage","@id":"https:\/\/lesmarmos.fr\/index.php\/inscriptions\/","url":"https:\/\/lesmarmos.fr\/index.php\/inscriptions\/","name":"Inscriptions - Les Marmo&#039;s","isPartOf":{"@id":"https:\/\/lesmarmos.fr\/#website"},"datePublished":"2024-02-11T16:30:12+00:00","dateModified":"2025-08-21T23:17:08+00:00","breadcrumb":{"@id":"https:\/\/lesmarmos.fr\/index.php\/inscriptions\/#breadcrumb"},"inLanguage":"en-US","potentialAction":[{"@type":"ReadAction","target":["https:\/\/lesmarmos.fr\/index.php\/inscriptions\/"]}]},{"@type":"BreadcrumbList","@id":"https:\/\/lesmarmos.fr\/index.php\/inscriptions\/#breadcrumb","itemListElement":[{"@type":"ListItem","position":1,"name":"Accueil Les Marmo's","item":"https:\/\/lesmarmos.fr\/"},{"@type":"ListItem","position":2,"name":"Inscriptions"}]},{"@type":"WebSite","@id":"https:\/\/lesmarmos.fr\/#website","url":"https:\/\/lesmarmos.fr\/","name":"Les Marmo's","description":"Association de Rock&#039;n Roll et de Line Dance loisir","publisher":{"@id":"https:\/\/lesmarmos.fr\/#organization"},"potentialAction":[{"@type":"SearchAction","target":{"@type":"EntryPoint","urlTemplate":"https:\/\/lesmarmos.fr\/?s={search_term_string}"},"query-input":{"@type":"PropertyValueSpecification","valueRequired":true,"valueName":"search_term_string"}}],"inLanguage":"en-US"},{"@type":"Organization","@id":"https:\/\/lesmarmos.fr\/#organization","name":"Les Marmo's","url":"https:\/\/lesmarmos.fr\/","logo":{"@type":"ImageObject","inLanguage":"en-US","@id":"https:\/\/lesmarmos.fr\/#\/schema\/logo\/image\/","url":"https:\/\/lesmarmos.fr\/wp-content\/uploads\/2024\/02\/Logo-N-24.png","contentUrl":"https:\/\/lesmarmos.fr\/wp-content\/uploads\/2024\/02\/Logo-N-24.png","width":1139,"height":1194,"caption":"Les Marmo's"},"image":{"@id":"https:\/\/lesmarmos.fr\/#\/schema\/logo\/image\/"},"sameAs":["https:\/\/www.instagram.com\/lesmarmos\/"]}]}},"_links":{"self":[{"href":"https:\/\/lesmarmos.fr\/index.php\/wp-json\/wp\/v2\/pages\/81","targetHints":{"allow":["GET"]}}],"collection":[{"href":"https:\/\/lesmarmos.fr\/index.php\/wp-json\/wp\/v2\/pages"}],"about":[{"href":"https:\/\/lesmarmos.fr\/index.php\/wp-json\/wp\/v2\/types\/page"}],"author":[{"embeddable":true,"href":"https:\/\/lesmarmos.fr\/index.php\/wp-json\/wp\/v2\/users\/1"}],"replies":[{"embeddable":true,"href":"https:\/\/lesmarmos.fr\/index.php\/wp-json\/wp\/v2\/comments?post=81"}],"version-history":[{"count":9,"href":"https:\/\/lesmarmos.fr\/index.php\/wp-json\/wp\/v2\/pages\/81\/revisions"}],"predecessor-version":[{"id":281,"href":"https:\/\/lesmarmos.fr\/index.php\/wp-json\/wp\/v2\/pages\/81\/revisions\/281"}],"wp:attachment":[{"href":"https:\/\/lesmarmos.fr\/index.php\/wp-json\/wp\/v2\/media?parent=81"}],"curies":[{"name":"wp","href":"https:\/\/api.w.org\/{rel}","templated":true}]}}

<p><strong>Inscriptions et portes-ouvertes le <u>Mardi 9 septembre 2025 de 20h à 21h30</u></strong>.</p>



<p>Salle Jean Macé, 5 Av. du Président Kennedy, 49300 Cholet,</p>



<p class="has-text-align-center">Toutes danses et tous niveaux</p>



<p class="has-text-align-center has-vivid-red-color has-text-color has-link-color wp-elements-56c0bcf6c78bcbc7657be70aec406618">(premier cours d&#8217;essai gratuit)</p>



<p><a href="https://lesmarmos.fr/wp-content/uploads/2025/07/Cours_Les_Marmos_saison_2025-2026.pdf" target="_blank" rel="noreferrer noopener"><strong>Bulletin d&#8217;inscription 2025-2026</strong> <strong>téléchargeable ici</strong></a></p>



<p>Les inscriptions seront possibles jusqu&#8217;à mi OCTOBRE 2025</p>



<p><strong><u>Tarif des cours</u>&nbsp;:</strong></p>



<ul class="wp-block-list">
<li>92€ le cours / pers pour une année + 10€ l’adhésion = <strong>102€</strong></li>



<li>170€ si cours de rock et cours de Line Dance (par pers) + 10€ l’adhésion = <strong>180</strong></li>
</ul>

<p>Inscriptions et portes-ouvertes le Mardi 9 septembre 2025 de 20h à 21h30. Salle Jean Macé, 5 Av. du Président Kennedy, 49300 Cholet, Toutes danses et tous niveaux (premier cours d&#8217;essai gratuit) Bulletin d&#8217;inscription 2025-2026 téléchargeable ici Les inscriptions seront possibles</p>

<!-- This site is optimized with the Yoast SEO plugin v27.5 - https://yoast.com/product/yoast-seo-wordpress/ -->
<title>Inscriptions - Les Marmo&#039;s</title>
<meta name="robots" content="index, follow, max-snippet:-1, max-image-preview:large, max-video-preview:-1" />
<link rel="canonical" href="https://lesmarmos.fr/index.php/inscriptions/" />
<meta property="og:locale" content="en_US" />
<meta property="og:type" content="article" />
<meta property="og:title" content="Inscriptions - Les Marmo&#039;s" />
<meta property="og:description" content="Inscriptions et portes-ouvertes le Mardi 9 septembre 2025 de 20h à 21h30. Salle Jean Macé, 5 Av. du Président Kennedy, 49300 Cholet, Toutes danses et tous niveaux (premier cours d&#8217;essai gratuit) Bulletin d&#8217;inscription 2025-2026 téléchargeable ici Les inscriptions seront possibles" />
<meta property="og:url" content="https://lesmarmos.fr/index.php/inscriptions/" />
<meta property="og:site_name" content="Les Marmo&#039;s" />
<meta property="article:modified_time" content="2025-08-21T23:17:08+00:00" />
<meta name="twitter:card" content="summary_large_image" />
<meta name="twitter:label1" content="Est. reading time" />
	<meta name="twitter:data1" content="1 minute" />
<script type="application/ld+json" class="yoast-schema-graph">{"@context":"https:\/\/schema.org","@graph":[{"@type":"WebPage","@id":"https:\/\/lesmarmos.fr\/index.php\/inscriptions\/","url":"https:\/\/lesmarmos.fr\/index.php\/inscriptions\/","name":"Inscriptions - Les Marmo&#039;s","isPartOf":{"@id":"https:\/\/lesmarmos.fr\/#website"},"datePublished":"2024-02-11T16:30:12+00:00","dateModified":"2025-08-21T23:17:08+00:00","breadcrumb":{"@id":"https:\/\/lesmarmos.fr\/index.php\/inscriptions\/#breadcrumb"},"inLanguage":"en-US","potentialAction":[{"@type":"ReadAction","target":["https:\/\/lesmarmos.fr\/index.php\/inscriptions\/"]}]},{"@type":"BreadcrumbList","@id":"https:\/\/lesmarmos.fr\/index.php\/inscriptions\/#breadcrumb","itemListElement":[{"@type":"ListItem","position":1,"name":"Accueil Les Marmo's","item":"https:\/\/lesmarmos.fr\/"},{"@type":"ListItem","position":2,"name":"Inscriptions"}]},{"@type":"WebSite","@id":"https:\/\/lesmarmos.fr\/#website","url":"https:\/\/lesmarmos.fr\/","name":"Les Marmo's","description":"Association de Rock&#039;n Roll et de Line Dance loisir","publisher":{"@id":"https:\/\/lesmarmos.fr\/#organization"},"potentialAction":[{"@type":"SearchAction","target":{"@type":"EntryPoint","urlTemplate":"https:\/\/lesmarmos.fr\/?s={search_term_string}"},"query-input":{"@type":"PropertyValueSpecification","valueRequired":true,"valueName":"search_term_string"}}],"inLanguage":"en-US"},{"@type":"Organization","@id":"https:\/\/lesmarmos.fr\/#organization","name":"Les Marmo's","url":"https:\/\/lesmarmos.fr\/","logo":{"@type":"ImageObject","inLanguage":"en-US","@id":"https:\/\/lesmarmos.fr\/#\/schema\/logo\/image\/","url":"https:\/\/lesmarmos.fr\/wp-content\/uploads\/2024\/02\/Logo-N-24.png","contentUrl":"https:\/\/lesmarmos.fr\/wp-content\/uploads\/2024\/02\/Logo-N-24.png","width":1139,"height":1194,"caption":"Les Marmo's"},"image":{"@id":"https:\/\/lesmarmos.fr\/#\/schema\/logo\/image\/"},"sameAs":["https:\/\/www.instagram.com\/lesmarmos\/"]}]}</script>
<!-- / Yoast SEO plugin. -->

Inscriptions et portes-ouvertes le Mardi 9 septembre 2025 de 20h à 21h30. Salle Jean Macé, 5 Av. du Président Kennedy, 49300 Cholet, Toutes danses et tous niveaux (premier cours d&#8217;essai gratuit) Bulletin d&#8217;inscription 2025-2026 téléchargeable ici Les inscriptions seront possibles
